3
Suppose -3*c + 4*i - 17930 = -8*c, -2*i = -5*c + 17930. What are the prime factors of c?
2, 11, 163
Suppose -99*y + 181372 = -51179. List the prime factors of y.
3, 29
Suppose 5*k = 10, 5*a = -k + 5*k + 347. Let z = 9 + a. Suppose 4*f = -f + z. List the prime factors of f.
2
Let h(t) = 9*t**3 + 53*t**2 + t - 1. What are the prime factors of h(4)?
1427
Suppose 0 = 582*o - 599*o + 90593. List the prime factors of o.
73
Let n = -106 + 114. Suppose -n*v + 0*v + 1080 = 0. List the prime factors of v.
3, 5
Suppose g - 18 = -g + 4*b, -6 = -4*g - 2*b. Let h be 3 - (-1 + 1 - 2). Suppose h*i = g*i - 8, -2*i = -4*a + 40. List the prime factors of a.
2
Let n(f) = 21*f**2 - 6*f + 6. Suppose -3*t + 1 + 5 = 0. What are the prime factors of n(t)?
2, 3, 13
Suppose -14*u = -24*u + 40790. List the prime factors of u.
4079
Let u = 58 + -41. Let o be -1 - -2 - 2 - u. Let p = o + 40. List the prime factors of p.
2, 11
Let s(q) = -24*q - 21. Suppose -6 - 10 = 8*k. What are the prime factors of s(k)?
3
Suppose 39*a - 17*a - 9614 = 0. What are the prime factors of a?
19, 23
Suppose 0 = 5*k - 0*k - 140. Let m = k - -188. What are the prime factors of m?
2, 3
Suppose 5*s - 26 = 4. Suppose 0 = 5*j + f - 344, j = f - s*f + 88. Suppose -40 = -4*m + j. What are the prime factors of m?
3
Let n(f) = -6*f**2 + 5*f. Let o(k) = -7*k**2 + 5*k - 1. Let z be -2 - (-4)/(4/(-3)). Let l(u) = z*o(u) + 6*n(u). List the prime factors of l(4).
3
Let f = 57 + -58. What are the prime factors of (13/3)/(0 + f/(-6))?
2, 13
Suppose -4*v + 3*v = 5*p + 10, 0 = -5*v + p - 50. Let n(u) = -u**3 - 6*u**2 - 4*u - 3. Let h be n(-6). Let m = h + v. What are the prime factors of m?
11
Let u be -4 + ((-4)/4 - -5). Suppose z + u*z = 4*k - 333, -4*z - 408 = -5*k. List the prime factors of k.
2, 3, 7
Let k(f) be the first derivative of 4*f**2 + 10*f - 23. What are the prime factors of k(10)?
2, 3, 5
Let c = -7 + 4. Let u(t) = -4*t**3 + 4201*t - 4201*t + 1 + 3*t**3 - t**2. What are the prime factors of u(c)?
19
Suppose -b + 6*b = -5*g + 11485, 3 = -3*b. What are the prime factors of g?
2, 3, 383
Suppose -1016 = -p - s - 3*s, -4*p = 3*s - 4064. List the prime factors of p.
2, 127
What are the prime factors of (-102370)/(-90) - (-8)/(-18)?
3, 379
Let t = -111 - -111. Suppose 3*a - 340 + 1 = t. What are the prime factors of a?
113
Suppose 0 = 33*n - 40*n + 2086. What are the prime factors of n?
2, 149
Suppose i - 2*g - 2 = 0, 5*i + 2*g - 8 - 2 = 0. Suppose -2*p + 120 = i*p. List the prime factors of p.
2, 3, 5
Let h be (4/(-2) + -1)*(-25 - -26). Let j(k) = -52*k - 23. List the prime factors of j(h).
7, 19
Let a be -1*(-10)/(0 + 2). Suppose -a*u + 24 - 4 = 0. Suppose -u*y + 3*v - 4*v + 31 = 0, 3*v + 60 = 5*y. List the prime factors of y.
3
Let a(u) = -3*u - 3. Let m(r) = -r**2 + 8*r - 14. Let l be m(6). Let p be a(l). Suppose -p*k = 0, -5*w + k - 6*k = -140. What are the prime factors of w?
2, 7
Let q(o) = -21*o**3 - 6*o**2 + 9*o - 17. List the prime factors of q(-5).
19, 127
Let a(o) = 2*o**2 - 5*o + 3. Let w be a(5). Suppose 264 = w*u - 24*u. List the prime factors of u.
2, 3, 11
Let s = 5 + -2. Suppose 4*k - 3 = -s*v + k, -11 = -5*v + k. Suppose v*m + 2*h = h + 58, 66 = 2*m - h. List the prime factors of m.
31
Let t(a) = a**2 - a + 8. Let q be t(0). Let r(z) = -z**3 + 4*z**2 - 3*z - 3. Let n(u) = u**2 - u. Let j(v) = -5*n(v) - r(v). List the prime factors of j(q).
3
Let z = 14 - 14. Suppose 4*i = 3*u, -i + 9 = -z*i - 3*u. Let x(m) = -m**3 - 3*m**2 - 5*m - 4. What are the prime factors of x(i)?
11
Let w(s) = s**3 - 11*s**2 + 2. Let c be w(11). Suppose -2*r - 5*z = 6 + 7, -c*r + 8 = -2*z. What are the prime factors of (-132)/(-36)*r*3?
11
Suppose 3 = -r - 0*r. Let j be (r/(-6)*0)/(-2). Let y(o) = o**3 - o**2 + 6. What are the prime factors of y(j)?
2, 3
Let f = -10 - -6. Let h(w) = -2*w + 3. Let k be h(f). Let m(o) = -o**3 + 10*o**2 + 14*o - 2. List the prime factors of m(k).
31
Let d = -729 - -763. List the prime factors of d.
2, 17
Let i be 0/(-1) + -21*(-7)/(-21). Let n(y) = -y**3 - 4*y**2 + 8*y + 22. What are the prime factors of n(i)?
113
Suppose -4*m + 7 = -49. Let g be 35/11 + m/(-77). Suppose -16 = -g*u + 14. List the prime factors of u.
2, 5
Let d(h) = -33*h - 204. Let v(j) = 11*j + 68. Let l(s) = 2*d(s) + 7*v(s). List the prime factors of l(14).
2, 3, 37
Let l be 0/(7/((-28)/8)). Let a = -6 - l. Let z = a + 17. List the prime factors of z.
11
Suppose -659*l - 35152 = -675*l. List the prime factors of l.
13
Suppose -4*f = 2*p - 6, 0*f + 5*p + 17 = -2*f. Suppose 12 = f*l, 2*l + 265 - 43 = 3*x. Suppose x = 3*q + q. What are the prime factors of q?
19
Suppose 0 = -0*u - 2*u + 32. Suppose -u + 72 = 2*d. What are the prime factors of d?
2, 7
Let w(z) = 86*z**3 - 5*z**2 + 3*z + 4. What are the prime factors of w(2)?
2, 3, 113
Suppose 1982*k + 2134 = 1984*k. List the prime factors of k.
11, 97
Let i be (99/3)/((-6)/(-4)). Let s be i/(0 + (-1)/(-2)). List the prime factors of (-6)/(-9) - s/(-6).
2
Let w be (10/(-8))/((-24)/96). Suppose -4*b + 2*b - 6 = 0, s = -w*b - 39. Let x = -17 - s. What are the prime factors of x?
7
Let q(b) = -b**2 + 2*b - 1. Let n be q(-3). Let i(z) = -4*z - 6. Let t be i(-8). Let m = n + t. List the prime factors of m.
2, 5
Let l be -1 + (-1)/(-1)*6. Suppose 2*j - 198 = -q, 5*j = l*q + 291 + 174. What are the prime factors of j?
97
Let b(g) = 95*g**2 + 5*g - 7. List the prime factors of b(3).
863
List the prime factors of ((-84140)/(-21))/4*(1 - -2).
5, 601
What are the prime factors of 3/(-15) - (-24542)/35?
701
Suppose -3 + 1 = -m, -5*m - 570 = -4*f. List the prime factors of f.
5, 29
Suppose 4*p = -4*h + 24, 8 = 4*p + 2*h - 8. Suppose -1 - 3 = p*l. What are the prime factors of (-34)/l*(0 - -1)?
17
Suppose 6 = z + 4*g, -z + 3*g = 2 + 6. Let j(c) = 7*c**2 + 2*c - 1. Let i be j(z). Let v = i + -15. What are the prime factors of v?
2
Let a = 70 - 63. Suppose 3*w + a*w = 760. List the prime factors of w.
2, 19
Suppose -3*m - i = 4*i + 5, -5*m = 3*i + 19. Suppose 2*w + 4*f = -20, 0*w = -3*w - f - 10. Let h = w - m. List the prime factors of h.
3
Suppose 4*u - 1 + 26 = b, 5*u - 37 = -4*b. List the prime factors of b.
13
Let q(j) be the first derivative of j**2/2 + 16*j + 14. List the prime factors of q(0).
2
Let m = 20 + -29. What are the prime factors of ((-12)/m)/((-6)/(-18))?
2
Suppose -5*g = 2*i - 4758, -3*g + 4*i + 4764 = 2*g. What are the prime factors of g?
2, 7, 17
Suppose -17*o = -2*o - 54405. List the prime factors of o.
3, 13, 31
Suppose 0 = 3*z + 189 + 303. Let m be (-2)/(-7) - z/14. Suppose 12*u - 9*u = m. List the prime factors of u.
2
Let w = -427 - -231. Let v = -102 - w. List the prime factors of v.
2, 47
Let y = -81 - -544. List the prime factors of y.
463
Let i = 118 - 170. Let g be (91/i)/(1/4). Let m(r) = r**3 + 7*r**2 - 4*r + 10. What are the prime factors of m(g)?
2, 19
Let n(d) = -3*d**3 - 4*d**2 - 10*d + 43. List the prime factors of n(-8).
23, 61
Let x = -756 + 1370. What are the prime factors of x?
2, 307
Let c(a) = a**2 - a. Let p(y) = -y**3 - 14*y**2 + 8*y - 1. Let z(f) = -5*c(f) - p(f). What are the prime factors of z(-9)?
2, 7
Suppose 4*t = -d - 16, -t - 2 = 2. List the prime factors of 18/(-15)*(540/(-4) - d).
2, 3
Suppose -77*d = -2*f - 79*d + 7958, 0 = -4*d + 20. What are the prime factors of f?
2, 1987
Suppose 0 = -n - f, f + 4 = -2*n - 3*f. Suppose 1 = 5*m - 19. Suppose 0 = 5*l - 4*k - 79, n*l - k - 38 = -m. What are the prime factors of l?
19
Suppose -u - 1 = -0*u. Let r(o) = -22*o**2 + 24*o**2 - 32*o**3 + 2 - 3. List the prime factors of r(u).
3, 11
Suppose 3*g - 71 - 76 = l, 4*g = l + 196. Let p be 14/g + 52/14. Suppose -3*t = 2*s - 27, p*t = -2*s + 3*t + 25. What are the prime factors of s?
2, 3
Suppose 4*t = 7*t - 2*c - 1277, 6*t - 2568 = -3*c. List the prime factors of t.
7, 61
Suppose 83*p + 34*p = 480753. What are the prime factors of p?
7, 587
Let r(d) = -2*d**2 - 37*d + 19. Let v be r(-19). Suppose 4*h - 94 = -2*c, -3*c + v*h - 2*h = -145. What are the prime factors of c?
7
Suppose -3*o + 1489 - 208 = 0. List the prime factors of o.
7, 61
Let q = 1723 - 1113. What are the prime factors of q?
2, 5, 61
What are the prime factors of 759 - 8 - (5 + -6)?
2, 47
Suppose 0 = 5*w - 3*p - 29, -15 = 2*p + 3*p. Suppose 0 = -5*l + 5*q + 680, -l - w*